{"id":8,"date":"2011-06-02T22:09:34","date_gmt":"2011-06-02T22:09:34","guid":{"rendered":"https:\/\/eductra.sk\/?page_id=7"},"modified":"2011-06-02T22:09:34","modified_gmt":"2011-06-02T22:09:34","slug":"stanovy","status":"publish","type":"page","link":"https:\/\/eductra.sk\/?page_id=8","title":{"rendered":"Stanovy"},"content":{"rendered":"<h2 style=\"text-align: center;\">Stanovy ob\u010dianskeho zdru\u017eenia EDUCTRA, o.z.<\/h2>\n<p>&nbsp;<\/p>\n<p><strong>I.\u00a0V\u0161eobecn\u00e9 ustanovenia<\/strong><\/p>\n<p>1. Ob\u010dianske zdru\u017eenie EDUCTRA, o.z. (\u010falej len &#8220;zdru\u017eenie&#8221;) je nepolitick\u00e9, dobrovo\u013en\u00e9, z\u00e1ujmov\u00e9 zdru\u017eenie ob\u010danov, ktor\u00e9 rozv\u00edja  \u010dinnos\u0165 na \u00fazem\u00ed Slovenskej republiky.<\/p>\n<p>2. S\u00eddlom zdru\u017eenia je: Ag\u00e1tov\u00e1 39, 040 14 Ko\u0161ice, Slovensk\u00e1 republika<\/p>\n<p>3. N\u00e1zov zdru\u017eenia v anglickom jazyku je: EDUCTRA, o.z.<\/p>\n<p>4. Zdru\u017eenie je samostatnou pr\u00e1vnickou osobou, ktor\u00e1 m\u00f4\u017ee vo svojom mene nadobudn\u00fa\u0165 pr\u00e1va a povinnosti.<\/p>\n<p>5. Cie\u013eom  \u010dinnosti zdru\u017eenia je zdru\u017ei\u0165 ob\u010danov za \u00fa\u010delom :<\/p>\n<p>a) Vzdel\u00e1vania a\u00a0mimo\u0161kolskej \u010dinnosti a\u00a0to najm\u00e4 prostredn\u00edctvom:<br \/>\n&#8211; podpory aktiv\u00edt a vzdel\u00e1vania na v\u0161etk\u00fdch \u00farovniach ako aj celo\u017eivotn\u00e9ho vzdel\u00e1vania v r\u00f4znych oblastiach \u017eivota<br \/>\n&#8211; podpory vzdel\u00e1vania det\u00ed s ment\u00e1lnymi a fyzick\u00fdmi poruchami<br \/>\n&#8211; podpory a zav\u00e1dzania e-learningu ako \u010fal\u0161ieho n\u00e1stroja vzdel\u00e1vania<br \/>\n&#8211; podpory vzdel\u00e1vania a vytv\u00e1rania pr\u00edle\u017eitost\u00ed pre margin\u00e1lne skupiny<br \/>\n&#8211; organizovania kult\u00farnych, spolo\u010densk\u00fdch, \u0161portov\u00fdch aktiv\u00edt smeruj\u00facich ku glob\u00e1lnemu &#8211; vzdel\u00e1vaniu, rozvoju, spolupr\u00e1ci a\u00a0pomoci<br \/>\n&#8211; podpory kult\u00farnych, \u0161portov\u00fdch a umeleck\u00fdch aktiv\u00edt<\/p>\n<p>b) Ochrany \u017eivotn\u00e9ho prostredia a\u00a0to najm\u00e4 prostredn\u00edctvom:<br \/>\n&#8211; organizovania t\u00e1borov pre deti, ml\u00e1de\u017e a\u00a0dospel\u00fdch<br \/>\n&#8211; pomoci pri propag\u00e1cii Slovenska, budovania n\u00e1u\u010dn\u00fdch chodn\u00edkov,<\/p>\n<p>c) Ochrany zdravia a\u00a0to najm\u00e4 prostredn\u00edctvom:<br \/>\n&#8211; podpory a\u00a0propag\u00e1cie zdrav\u00e9ho \u017eivotn\u00e9ho \u0161t\u00fdlu a predch\u00e1dzaniu chorob\u00e1m<br \/>\n&#8211; rozv\u00edjania prevencie vo\u010di \u0161ikanovaniu<\/p>\n<p>d) Rozv\u00edjania spolo\u010denskej zodpovednosti a\u00a0to najm\u00e4:<br \/>\n&#8211; posil\u0148ovanie demokratick\u00fdch princ\u00edpov a\u00a0hodn\u00f4t<br \/>\n&#8211; podpora komunik\u00e1cie a dial\u00f3gu medzi \u013eu\u010fmi a medzi jednotliv\u00fdmi sektormi<br \/>\n&#8211; posil\u0148ovanie komunik\u00e1cie a spolupr\u00e1ce na n\u00e1rodnej a medzin\u00e1rodnej \u00farovni vo v\u0161etk\u00fdch oblastiach \u017eivota<\/p>\n<p>6. S\u00fa\u010dasne s\u00a0vy\u0161\u0161ie uveden\u00fdmi aktivitami zdru\u017eenie je opr\u00e1vnen\u00e9:<br \/>\n&#8211; organiza\u010dne zabezpe\u010dova\u0165 a\u00a0usporad\u00fava\u0165 semin\u00e1re, \u0161kolenia , vzdel\u00e1vacie programy  a\u00a0konferencie v\u00a0s\u00falade s\u00a0cie\u013emi zdru\u017eenia<br \/>\n&#8211; zabezpe\u010dova\u0165 vydavate\u013esk\u00fa \u010dinnos\u0165 pr\u00edpadne sa spolupodie\u013ea\u0165 na vydavate\u013eskej \u010dinnosti s\u00a0in\u00fdmi subjektami<br \/>\n&#8211; vykon\u00e1va\u0165 informa\u010dn\u00fa a\u00a0poradensk\u00fa \u010dinnos\u0165<\/p>\n<p>&nbsp;<\/p>\n<p><strong>II.\u00a0\u010clenstvo v zdru\u017een\u00ed<\/strong><\/p>\n<p>1.     \u010clenom zdru\u017eenia m\u00f4\u017ee  by\u0165 fyzick\u00e1 osoba, ktor\u00e1 sp\u013a\u0148a tieto predpoklady:<br \/>\na\/ je plne sp\u00f4sobil\u00e1 na pr\u00e1vne \u00fakony,<br \/>\nb\/ je bez\u00fahonn\u00e1.<br \/>\nc\/ m\u00e1 p\u00edsomn\u00e9 odpor\u00fa\u010danie  troch \u010dlenov zdru\u017eenia<\/p>\n<p>2.    N\u00e1vrh  na  z\u00e1pis  za \u010dlena pod\u00e1va  fyzick\u00e1 osoba Rade zdru\u017eenia p\u00edsomne.<br \/>\nN\u00e1vrh  obsahuje:<br \/>\n&#8211; \u017eivotopis<br \/>\n&#8211; p\u00edsomn\u00e9 odpor\u00fa\u010danie troch \u010dlenov zdru\u017eenia<\/p>\n<p>3. Rada zdru\u017eenia  po prijat\u00ed  n\u00e1vrhu   ur\u010d\u00ed troch  posudzovate\u013eov , ktor\u00ed musia by\u0165 taktie\u017e \u010dlenmi zdru\u017eenia.  Posudzovatelia  s\u00fa povinn\u00ed poda\u0165  Rade zdru\u017eenia p\u00edsomn\u00e9 stanovisko najnesk\u00f4r \u0161tyri t\u00fd\u017edne pred konan\u00edm Valn\u00e9ho zhroma\u017edenia.  N\u00e1vrhy potencion\u00e1lnych \u010dlenov  spolu so v\u0161etk\u00fdmi  pr\u00edlohami  a taktie\u017e so stanoviskami posudzovate\u013eov   bud\u00fa verejne pr\u00edstupn\u00e9 pre v\u0161etk\u00fdch \u010dlenov zdru\u017eenia v s\u00eddle zdru\u017eenia a s\u00fa\u010dasne  ich dostane k dispoz\u00edci\u00ed ka\u017ed\u00fd \u010dlen  zdru\u017eenia  najnesk\u00f4r v de\u0148 konania Valn\u00e9ho zhroma\u017edenia.<\/p>\n<p>4. Rada zdru\u017eenia  zostav\u00ed kandid\u00e1tsku listinu  potencion\u00e1lnych \u010dlenov zdru\u017eenia  a doporu\u010d\u00ed ju  najbli\u017e\u0161iemu Valn\u00e9mu zhroma\u017edeniu  na schv\u00e1lenie.<br \/>\nO navrhnut\u00fdch kandid\u00e1toch  hlasuje Valn\u00e9 zhroma\u017edenie . Hlasovanie sa kon\u00e1  vo dvoch po sebe  nasleduj\u00facich kol\u00e1ch. V prvom kole mus\u00ed za  ka\u017ed\u00e9ho  potencion\u00e1lneho \u010dlena hlasova\u0165  nadpolovi\u010dn\u00e1 v\u00e4\u010d\u0161ina pr\u00edtomn\u00fdch. V druhom kole mus\u00ed za  nov\u00e9ho \u010dlena hlasova\u0165  dvojtretinov\u00e1 v\u00e4\u010d\u0161ina pr\u00edtomn\u00fdch, minim\u00e1lne  v\u0161ak  nadpolovi\u010dn\u00e1  v\u00e4\u010d\u0161ina v\u0161etk\u00fdch \u010dlenov zdru\u017eenia.<\/p>\n<p>5. Vo\u013eby  nov\u00fdch \u010dlenov zdru\u017eenia s\u00fa tajn\u00e9.<\/p>\n<p>6. \u010clenstvo v zdru\u017een\u00ed m\u00f4\u017ee by\u0165 zru\u0161en\u00e9 Valn\u00fdm zhroma\u017eden\u00edm zdru\u017eenia v t\u00fdchto pr\u00edpadoch:<br \/>\n&#8211; ak \u010dlen zdru\u017eenia zomrel alebo bol vyhl\u00e1sen\u00fd za m\u0155tveho,<br \/>\n&#8211; ak \u010dlen zdru\u017eenia bol pozbaven\u00fd sp\u00f4sobilosti na pr\u00e1vne \u00fakony alebo jeho sp\u00f4sobilos\u0165 na pr\u00e1vne \u00fakony bola obmedzen\u00e1,<br \/>\n&#8211; ak \u010dlen zdru\u017eenia ozn\u00e1mi Rade zdru\u017eenia  zru\u0161enie svojho \u010dlenstva,<br \/>\n&#8211; ak \u010dlen zdru\u017eenia bol pr\u00e1voplatne ods\u00faden\u00fd za \u00famyseln\u00fd trestn\u00fd \u010din,<br \/>\n&#8211; ak \u010dlen zdru\u017eenia bol pr\u00e1voplatne ods\u00faden\u00fd za trestn\u00fd \u010din, ktor\u00e9ho sa dopustil pri vykon\u00e1van\u00ed \u010dinnosti v zdru\u017een\u00ed,<br \/>\n&#8211; ak  mu  bolo  ulo\u017een\u00e9 disciplin\u00e1rne opatrenie pre obzvl\u00e1\u0161\u0165 hrub\u00e9 poru\u0161enie povinnosti \u010dlena zdru\u017eenia, ak   poru\u0161il  stanovy  alebo dobr\u00fa poves\u0165 zdru\u017eenia.<\/p>\n<p>7.  N\u00e1vrh na zru\u0161enie  \u010dlenstva spolu s uveden\u00edm d\u00f4vodu  zru\u0161enia  \u010dlenstva   predklad\u00e1  Rada zdru\u017eenia  na najbli\u017e\u0161om  Valnom zhroma\u017eden\u00ed zdru\u017eenia. K prijatiu rozhodnutia  o zru\u0161en\u00ed \u010dlenstva  je potrebn\u00e1  dvojtretinov\u00e1 v\u00e4\u010d\u0161ina   v\u0161etk\u00fdch \u010dlenov  zdru\u017eenia . V pr\u00edpade  z\u00e1niku \u010dlenstva smr\u0165ou pr\u00edpadne  dobrovo\u013en\u00fdm sa vzdan\u00edm   Valn\u00e9 zhroma\u017edenie   nehlasuje, ale vezme  predmetn\u00fa skuto\u010dnos\u0165 na vedomie . V takomto pr\u00edpade \u010dlenstvo  v zdru\u017een\u00ed zanik\u00e1  d\u0148om  smrti respekt\u00edve d\u0148om ozn\u00e1menia  o zru\u0161en\u00ed  \u010dlenstva.<\/p>\n<p>&nbsp;<\/p>\n<p><strong>III.\u00a0Pr\u00e1va a povinnosti \u010dlenov zdru\u017eenia<\/strong><\/p>\n<p>1. \u010clenovia zdru\u017eenia s\u00fa pri v\u00fdkone \u010dinnost\u00ed v zdru\u017een\u00ed povinn\u00ed:<br \/>\n&#8211; dodr\u017eiava\u0165 v\u0161etky platn\u00e9 pr\u00e1vne normy a predpisy t\u00fdkaj\u00face sa  v\u00fdkonu \u010dinnosti realizovan\u00fdch v zdru\u017een\u00ed,<br \/>\n&#8211; dodr\u017eiava\u0165 stanovy a \u010fal\u0161ie predpisy,  ktor\u00e9 podrobne ukladaj\u00fa povinnosti \u010dlenom zdru\u017eenia.<br \/>\n&#8211; plati\u0165 \u010dlensk\u00e9 pr\u00edspevky, ktor\u00fdch v\u00fd\u0161ka bude ur\u010den\u00e1 v\u00a0organiza\u010dnom poriadku zdru\u017eenia<\/p>\n<p>2. \u010clenovia  zdru\u017eenia maj\u00fa pr\u00e1vo plnohodnotne sa z\u00fa\u010dast\u0148ova\u0165 \u010dinnosti zdru\u017eenia a taktie\u017e voli\u0165 a by\u0165 volen\u00ed do org\u00e1nov zdru\u017eenia a by\u0165 informovan\u00ed o z\u00e1meroch a aktivit\u00e1ch zdru\u017eenia.<\/p>\n<p>&nbsp;<\/p>\n<p><strong>IV.\u00a0Org\u00e1ny zdru\u017eenia<\/strong><br \/>\n1. Org\u00e1nmi zdru\u017eenia s\u00fa:<br \/>\na) Valn\u00e9 zhroma\u017edenie \u010dlenov zdru\u017eenia,<br \/>\nb) Rada zdru\u017eenia<br \/>\nc) Rev\u00edzor<\/p>\n<p>2.Valn\u00e9 zhroma\u017edenie zdru\u017eenia je najvy\u0161\u0161\u00edm org\u00e1nom zdru\u017eenia. Ostatn\u00e9 org\u00e1ny s\u00fa n\u00edm volen\u00e9.<\/p>\n<p>3. Funk\u010dn\u00e9  obdobie org\u00e1nov zdru\u017eenia je dvojro\u010dn\u00e9.<\/p>\n<p>4. Funkcie v  org\u00e1noch zdru\u017eenia s\u00fa \u010destn\u00e9. Za v\u00fdkon funkcie m\u00f4\u017ee by\u0165 priznan\u00e1 primeran\u00e1 odmena a n\u00e1hrada hotov\u00fdch v\u00fddavkov.<\/p>\n<p>&nbsp;<\/p>\n<p><strong>V.\u00a0Valn\u00e9 zhroma\u017edenie \u010dlenov zdru\u017eenia<\/strong><\/p>\n<p>1.Valn\u00e9 zhroma\u017edenie \u010dlenov zdru\u017eenia zvol\u00e1va predseda  zdru\u017eenie minim\u00e1lne raz za jeden  rok. Ak  o to po\u017eiada polovica \u010dlenov zdru\u017eenia,  Rada zdru\u017eenia  je povinn\u00e1 zvola\u0165 Valn\u00e9 zhroma\u017edenie \u010dlenov zdru\u017eenia do jedn\u00e9ho  mesiaca.<\/p>\n<p>2. \u010clen zdru\u017eenia m\u00f4\u017ee p\u00edsomne poveri\u0165 in\u00e9ho \u010dlena, aby ho zast\u00fapil na Valnom zhroma\u017eden\u00ed zdru\u017eenia. Zast\u00fapen\u00fd \u010dlen sa pova\u017euje za pr\u00edtomn\u00e9ho.<\/p>\n<p>3.Valn\u00e9 zhroma\u017edenie zdru\u017eenia  je  uzn\u00e1\u0161ania schopn\u00e9, ak je pr\u00edtomn\u00e1 nadpolovi\u010dn\u00e1  v\u00e4\u010d\u0161ina  \u010dlenov. Na platnos\u0165 rozhodnutia  je potrebn\u00fd s\u00fahlas dvojtretinovej  v\u00e4\u010d\u0161iny v\u0161etk\u00fdch  \u010dlenov.<\/p>\n<p>4.Valn\u00e9 zhroma\u017edenie \u010dlenov zdru\u017eenia rozhoduje o v\u0161etk\u00fdch z\u00e1kladn\u00fdch ot\u00e1zkach a to najm\u00e4:<\/p>\n<p>&#8211; vol\u00ed a odvol\u00e1va \u010dlenov Rady zdru\u017eenia a Rev\u00edzora zdru\u017eenia ,<br \/>\n&#8211; schva\u013euje vn\u00fatorn\u00fd poriadok zdru\u017eenia, rokovac\u00ed a  volebn\u00fd poriadok,<br \/>\n&#8211; m\u00f4\u017ee ru\u0161i\u0165 alebo meni\u0165 rozhodnutia Rady zdru\u017eenia,<br \/>\n&#8211; schva\u013euje ro\u010dn\u00fd pr\u00edspevok \u010dlenov na \u010dinnos\u0165 zdru\u017eenia \/\u010dlensk\u00e9 pr\u00edspevky\/ ,<br \/>\n&#8211; schva\u013euje v\u00fd\u0161ku primeranej n\u00e1hrady za \u010dinnos\u0165 vo funkci\u00e1ch v org\u00e1noch zdru\u017eenia,<br \/>\n&#8211; rozhoduje o z\u00e1niku zdru\u017eenia, schva\u013euje stanovy , ich zmeny a doplnky<br \/>\n&#8211; schva\u013euje programov\u00e9 ciele, spr\u00e1vy o \u010dinnosti  a hospod\u00e1ren\u00ed<br \/>\n&#8211; schva\u013euje rozpo\u010det zdru\u017eenia pre bud\u00face  obdobie<br \/>\n&#8211; rozhoduje o \u010fal\u0161\u00edch veciach, ktor\u00e9 si vyhrad\u00ed.<\/p>\n<p>5. \u010clenovia pr\u00edpravn\u00e9ho v\u00fdboru sa automaticky st\u00e1vaj\u00fa \u010dlenmi zdru\u017eenia.<\/p>\n<p>&nbsp;<\/p>\n<p><strong>VI.\u00a0Rada zdru\u017eenia<\/strong><\/p>\n<p>1. Rada zdru\u017eenia m\u00e1  troch \u010dlenov a riadi \u010dinnos\u0165 zdru\u017eenia medzi valn\u00fdmi zhroma\u017edeniami zdru\u017eenia.<\/p>\n<p>2.Rada zdru\u017eenia je uzn\u00e1\u0161ania schopn\u00e1, ak  s\u00fa pr\u00edtomn\u00e9 2\/3 \u010dlenov Rady zdru\u017eenia. Na platnos\u0165  rozhodnutia je potrebn\u00fd s\u00fahlas  nadpolovi\u010dnej v\u00e4\u010d\u0161iny pr\u00edtomn\u00fdch  \u010dlenov  Rady zdru\u017eenia.<\/p>\n<p>Rada zdru\u017eenia:<br \/>\n&#8211; zvol\u00e1va valn\u00e9  zhroma\u017edenie \u010dlenov zdru\u017eenia,<br \/>\n&#8211; vedie zoznam \u010dlenov zdru\u017eenia,<br \/>\n&#8211; spravuje majetok zdru\u017eenia,<br \/>\n&#8211; informuje \u010dlenov o \u010dinnosti zdru\u017eenia,<br \/>\n&#8211; chr\u00e1ni a presadzuje z\u00e1ujmy \u010dlenov zdru\u017eenia,<br \/>\n&#8211; vykon\u00e1va  \u010fal\u0161iu \u010dinnos\u0165,  pokia\u013e nie je v pr\u00e1vomoci  in\u00fdch org\u00e1nov  zdru\u017eenia.<\/p>\n<p>3. Rada zdru\u017eenia vol\u00ed a odvol\u00e1va spomedzi svojich \u010dlenov predsedu a podpredsedu. Predseda a podpredseda zastupuj\u00fa zdru\u017eenie navonok a konaj\u00fa v jeho mene vo v\u0161etk\u00fdch  veciach. Vykon\u00e1vaj\u00fa neodkladn\u00e9  rozhodnutia v \u010dase medzi zasadnutiami Rady zdru\u017eenia a riadia \u010dinnos\u0165 zdru\u017eenia. Predseda  kon\u00e1 samostatne. Podpredseda kon\u00e1 za zdru\u017eenie samostatne len na z\u00e1klade p\u00edsomn\u00e9ho poverenia predsedu.<\/p>\n<p>4. Rada zdru\u017eenia sa sch\u00e1dza spravidla trikr\u00e1t do roka. Sch\u00f4dze  Rady zdru\u017eenia  zvol\u00e1va Predseda  alebo podpredseda zdru\u017eenia,  ak nie je ur\u010den\u00e9 vo vn\u00fatornom poriadku zdru\u017eenia inak.<\/p>\n<p>&nbsp;<\/p>\n<p><strong>VII.\u00a0Rev\u00edzor<\/strong><\/p>\n<p>1. Rev\u00edzor je kontroln\u00fd org\u00e1n , ktor\u00fd vol\u00ed  Valn\u00e9 zhroma\u017edenie zdru\u017eenia.<\/p>\n<p>2. Rev\u00edzor:<br \/>\nkontroluje plnenie uznesen\u00ed  Valn\u00e9ho zhroma\u017edenia \u010dlenov zdru\u017eenia a \u010dinnos\u0165 Rady zdru\u017eenia. Za t\u00fdmto \u00fa\u010delom m\u00e1 pr\u00edstup ku v\u0161etk\u00fdm dokladom zdru\u017eenia.<br \/>\nDohliada na riadny v\u00fdkon \u010dinnost\u00ed  vykon\u00e1van\u00fdch v r\u00e1mci zdru\u017eenia,<br \/>\nKontroluje hospod\u00e1renie zdru\u017eenia.<br \/>\nJe opr\u00e1vnen\u00e1 po\u017eiada\u0165 Radu zdru\u017eenia o zvolanie Valn\u00e9ho zhroma\u017edenia \u010dlenov v pr\u00edpade, \u017ee v r\u00e1mci svojej kontrolnej \u010dinnosti zist\u00ed tak\u00e9 skuto\u010dnosti, ktor\u00e9 s\u00fa d\u00f4le\u017eit\u00e9 pre samotn\u00fa \u010dinnos\u0165 Zdru\u017eenia. Ak Rada zdru\u017eenia nezvol\u00e1 Valn\u00e9 zhroma\u017edenie \u010dlenov zdru\u017eenia do 1 mesiaca odo d\u0148a doru\u010denia p\u00edsomnej \u017eiadosti Rev\u00edzora Rade zdru\u017eenia (predsedovi  alebo  podpredsedovi), Rev\u00edzor zvol\u00e1  Valn\u00e9 zhroma\u017edenie \u010dlenov zdru\u017eenia do jedn\u00e9ho mesiaca od d\u0148a uplynutia lehoty pre zvolanie Valn\u00e9ho zhroma\u017edenia Radou zdru\u017eenia.<\/p>\n<p>&nbsp;<\/p>\n<p><strong>VIII.\u00a0Hospod\u00e1renie zdru\u017eenia<\/strong><\/p>\n<p>1. Majetok zdru\u017eenia tvoria:<br \/>\n&#8211; \u010dlensk\u00e9 pr\u00edspevky,<br \/>\n&#8211; dary sponzorov,<br \/>\n&#8211; hmotn\u00fd majetok zdru\u017eenia,<br \/>\n&#8211; prostriedky z\u00edskan\u00e9 pri organizovan\u00ed r\u00f4znych aktiv\u00edt v r\u00e1mci  cie\u013eov \u010dinnosti zdru\u017eenia.<br \/>\n&#8211; z\u00edskanie grantov a finan\u010dnej podpory<br \/>\n&#8211; pr\u00edjmy z vykon\u00e1vania hospod\u00e1rskej \u010dinnosti v s\u00falade s vy\u0161\u0161ie uveden\u00fdm \u00fa\u010delom vzniku  zdru\u017eenia<\/p>\n<p>2. Za  hospod\u00e1renie a vedenie \u00fa\u010dtovn\u00edctva zdru\u017eenia zodpoved\u00e1 Rada zdru\u017eenia.<\/p>\n<p>3. V\u00fdnosy z majetku a vlastnej \u010dinnosti m\u00f4\u017eu by\u0165 pou\u017eit\u00e9 len na podporu cie\u013ea zdru\u017eenia.<\/p>\n<p>4. Zdru\u017eenie m\u00f4\u017ee vykon\u00e1va\u0165 hospod\u00e1rsku \u010dinnos\u0165 (podnika\u0165), ktorej zisk sa mus\u00ed pou\u017ei\u0165 na financovanie hlavnej (verejnoprospe\u0161nej) \u010dinnosti zdru\u017eenia, za \u00fa\u010delom ktorej bolo zdru\u017eenie zalo\u017een\u00e9.<\/p>\n<p>&nbsp;<\/p>\n<p><strong>IX. Z\u00e1nik zdru\u017eenia<\/strong><\/p>\n<p>1. Zdru\u017eenie zanik\u00e1:<br \/>\na) dobrovo\u013en\u00fdm rozpusten\u00edm alebo zl\u00fa\u010den\u00edm s in\u00fdm zdru\u017een\u00edm,<br \/>\nb) pr\u00e1voplatn\u00fdm  rozhodnut\u00edm Ministerstva vn\u00fatra o jeho rozpusten\u00ed.<\/p>\n<p>2. Pri   z\u00e1niku zdru\u017eenia   sa  vykon\u00e1  majetkov\u00e9  vysporiadanie. Majetkov\u00e9  vysporiadanie  vykon\u00e1  likvid\u00e1tor ur\u010den\u00fd Radou zdru\u017eenia. Likvid\u00e1torom m\u00f4\u017ee by\u0165 len \u010dlen zdru\u017eenia. Likvid\u00e1torom m\u00f4\u017ee by\u0165 len fyzick\u00e1 osoba. Likvid\u00e1tor najsk\u00f4r vyrovn\u00e1 z\u00e1v\u00e4zky  a poh\u013ead\u00e1vky  a s likvida\u010dn\u00fdm zostatkom  nalo\u017e\u00ed   pod\u013ea rozhodnutia  najvy\u0161\u0161ieho org\u00e1nu.  Likvida\u010dn\u00fd zostatok  bude   venovan\u00fd  pr\u00e1vnickej osobe, ktor\u00e1 nie je zalo\u017een\u00e1 za \u00fa\u010delom zisku.<\/p>\n<p>&nbsp;<\/p>\n<p><strong>X.\u00a0Z\u00e1vere\u010dn\u00e9 ustanovenia<\/strong><\/p>\n<p>1. Podrobnosti  o organiz\u00e1ci\u00ed  zdru\u017eenia  upravuje vn\u00fatorn\u00fd poriadok  zdru\u017eenia.<br \/>\n2. Podrobnosti o vo\u013eb\u00e1ch uprav\u00ed volebn\u00fd poriadok.<\/p>\n<p>&nbsp;<\/p>\n<p><strong>XI.\u00a0Prechodn\u00e9  ustanovenia<\/strong><\/p>\n<p>1. \u010clenovia pr\u00edpravn\u00e9ho v\u00fdboru  sa d\u0148om registr\u00e1cie zdru\u017eenia  st\u00e1vaj\u00fa automaticky   \u010dlenmi  zdru\u017eenia . Takisto s\u00fa povinn\u00ed :<br \/>\n-ozn\u00e1mi\u0165  verejnosti vznik zdru\u017eenia   spolu s podmienkami pre prijatie  potenci\u00e1lnych \u010dlenov.<br \/>\n-zvola\u0165 Valn\u00e9 zhroma\u017edenie \u010dlenov zdru\u017eenia do  troch mesiacov odo d\u0148a registr\u00e1cie  zdru\u017eenia<br \/>\n2. \u010clenovia  pr\u00edpravn\u00e9ho v\u00fdboru sa do konania Valn\u00e9ho zhroma\u017edenia  \u010dlenov zdru\u017eenia st\u00e1vaj\u00fa \u010dlenmi prvej  Rady zdru\u017eenia. Ich  funk\u010dn\u00e9 obdobie kon\u010d\u00ed  d\u0148om  konania  Valn\u00e9ho zhroma\u017edenia  \u010dlenov zdru\u017eenia.<\/p>\n<p>V\u00a0Ko\u0161iciach, d\u0148a 03.m\u00e1ja 2011<\/p>\n","protected":false},"excerpt":{"rendered":"<p>Stanovy ob\u010dianskeho zdru\u017eenia EDUCTRA, o.z. &nbsp; I.\u00a0V\u0161eobecn\u00e9 ustanovenia 1. Ob\u010dianske zdru\u017eenie EDUCTRA, o.z. (\u010falej len &#8220;zdru\u017eenie&#8221;) je nepolitick\u00e9, dobrovo\u013en\u00e9, z\u00e1ujmov\u00e9 zdru\u017eenie ob\u010danov, ktor\u00e9 rozv\u00edja \u010dinnos\u0165 na \u00fazem\u00ed Slovenskej republiky. 2. S\u00eddlom zdru\u017eenia je: Ag\u00e1tov\u00e1 39, 040 14 Ko\u0161ice, Slovensk\u00e1 republika 3. N\u00e1zov zdru\u017eenia v anglickom jazyku je: EDUCTRA, o.z. 4. Zdru\u017eenie je samostatnou pr\u00e1vnickou osobou, &hellip; <a href=\"https:\/\/eductra.sk\/?page_id=8\">\u010c\u00edta\u0165 \u010falej&#8230; <span class=\"meta-nav\">&rarr;<\/span><\/a><\/p>\n","protected":false},"author":2,"featured_media":0,"parent":0,"menu_order":0,"comment_status":"open","ping_status":"open","template":"","meta":{"_monsterinsights_skip_tracking":false,"_monsterinsights_sitenote_active":false,"_monsterinsights_sitenote_note":"","_monsterinsights_sitenote_category":0,"footnotes":"","_links_to":"","_links_to_target":""},"class_list":["post-8","page","type-page","status-publish","hentry"],"yoast_head":"<!-- This site is optimized with the Yoast SEO plugin v26.6 - https:\/\/yoast.com\/wordpress\/plugins\/seo\/ -->\n<title>Stanovy - EDUCTRA<\/title>\n<meta name=\"robots\" content=\"index, follow, max-snippet:-1, max-image-preview:large, max-video-preview:-1\" \/>\n<link rel=\"canonical\" href=\"https:\/\/eductra.sk\/?page_id=8\" \/>\n<meta property=\"og:locale\" content=\"en_US\" \/>\n<meta property=\"og:type\" content=\"article\" \/>\n<meta property=\"og:title\" content=\"Stanovy - EDUCTRA\" \/>\n<meta property=\"og:description\" content=\"Stanovy ob\u010dianskeho zdru\u017eenia EDUCTRA, o.z. &nbsp; I.\u00a0V\u0161eobecn\u00e9 ustanovenia 1. Ob\u010dianske zdru\u017eenie EDUCTRA, o.z. (\u010falej len &#8220;zdru\u017eenie&#8221;) je nepolitick\u00e9, dobrovo\u013en\u00e9, z\u00e1ujmov\u00e9 zdru\u017eenie ob\u010danov, ktor\u00e9 rozv\u00edja \u010dinnos\u0165 na \u00fazem\u00ed Slovenskej republiky. 2. S\u00eddlom zdru\u017eenia je: Ag\u00e1tov\u00e1 39, 040 14 Ko\u0161ice, Slovensk\u00e1 republika 3. N\u00e1zov zdru\u017eenia v anglickom jazyku je: EDUCTRA, o.z. 4. Zdru\u017eenie je samostatnou pr\u00e1vnickou osobou, &hellip; \u010c\u00edta\u0165 \u010falej... &rarr;\" \/>\n<meta property=\"og:url\" content=\"https:\/\/eductra.sk\/?page_id=8\" \/>\n<meta property=\"og:site_name\" content=\"EDUCTRA\" \/>\n<meta name=\"twitter:card\" content=\"summary_large_image\" \/>\n<meta name=\"twitter:label1\" content=\"Est. reading time\" \/>\n\t<meta name=\"twitter:data1\" content=\"10 minutes\" \/>\n<script type=\"application\/ld+json\" class=\"yoast-schema-graph\">{\"@context\":\"https:\/\/schema.org\",\"@graph\":[{\"@type\":\"WebPage\",\"@id\":\"https:\/\/eductra.sk\/?page_id=8\",\"url\":\"https:\/\/eductra.sk\/?page_id=8\",\"name\":\"Stanovy - EDUCTRA\",\"isPartOf\":{\"@id\":\"https:\/\/eductra.sk\/#website\"},\"datePublished\":\"2011-06-02T22:09:34+00:00\",\"breadcrumb\":{\"@id\":\"https:\/\/eductra.sk\/?page_id=8#breadcrumb\"},\"inLanguage\":\"en-US\",\"potentialAction\":[{\"@type\":\"ReadAction\",\"target\":[\"https:\/\/eductra.sk\/?page_id=8\"]}]},{\"@type\":\"BreadcrumbList\",\"@id\":\"https:\/\/eductra.sk\/?page_id=8#breadcrumb\",\"itemListElement\":[{\"@type\":\"ListItem\",\"position\":1,\"name\":\"Domovsk\u00e1 str\u00e1nka\",\"item\":\"https:\/\/eductra.sk\/\"},{\"@type\":\"ListItem\",\"position\":2,\"name\":\"Stanovy\"}]},{\"@type\":\"WebSite\",\"@id\":\"https:\/\/eductra.sk\/#website\",\"url\":\"https:\/\/eductra.sk\/\",\"name\":\"EDUCTRA\",\"description\":\"\",\"potentialAction\":[{\"@type\":\"SearchAction\",\"target\":{\"@type\":\"EntryPoint\",\"urlTemplate\":\"https:\/\/eductra.sk\/?s={search_term_string}\"},\"query-input\":{\"@type\":\"PropertyValueSpecification\",\"valueRequired\":true,\"valueName\":\"search_term_string\"}}],\"inLanguage\":\"en-US\"}]}<\/script>\n<!-- \/ Yoast SEO plugin. -->","yoast_head_json":{"title":"Stanovy - EDUCTRA","robots":{"index":"index","follow":"follow","max-snippet":"max-snippet:-1","max-image-preview":"max-image-preview:large","max-video-preview":"max-video-preview:-1"},"canonical":"https:\/\/eductra.sk\/?page_id=8","og_locale":"en_US","og_type":"article","og_title":"Stanovy - EDUCTRA","og_description":"Stanovy ob\u010dianskeho zdru\u017eenia EDUCTRA, o.z. &nbsp; I.\u00a0V\u0161eobecn\u00e9 ustanovenia 1. Ob\u010dianske zdru\u017eenie EDUCTRA, o.z. (\u010falej len &#8220;zdru\u017eenie&#8221;) je nepolitick\u00e9, dobrovo\u013en\u00e9, z\u00e1ujmov\u00e9 zdru\u017eenie ob\u010danov, ktor\u00e9 rozv\u00edja \u010dinnos\u0165 na \u00fazem\u00ed Slovenskej republiky. 2. S\u00eddlom zdru\u017eenia je: Ag\u00e1tov\u00e1 39, 040 14 Ko\u0161ice, Slovensk\u00e1 republika 3. N\u00e1zov zdru\u017eenia v anglickom jazyku je: EDUCTRA, o.z. 4. Zdru\u017eenie je samostatnou pr\u00e1vnickou osobou, &hellip; \u010c\u00edta\u0165 \u010falej... &rarr;","og_url":"https:\/\/eductra.sk\/?page_id=8","og_site_name":"EDUCTRA","twitter_card":"summary_large_image","twitter_misc":{"Est. reading time":"10 minutes"},"schema":{"@context":"https:\/\/schema.org","@graph":[{"@type":"WebPage","@id":"https:\/\/eductra.sk\/?page_id=8","url":"https:\/\/eductra.sk\/?page_id=8","name":"Stanovy - EDUCTRA","isPartOf":{"@id":"https:\/\/eductra.sk\/#website"},"datePublished":"2011-06-02T22:09:34+00:00","breadcrumb":{"@id":"https:\/\/eductra.sk\/?page_id=8#breadcrumb"},"inLanguage":"en-US","potentialAction":[{"@type":"ReadAction","target":["https:\/\/eductra.sk\/?page_id=8"]}]},{"@type":"BreadcrumbList","@id":"https:\/\/eductra.sk\/?page_id=8#breadcrumb","itemListElement":[{"@type":"ListItem","position":1,"name":"Domovsk\u00e1 str\u00e1nka","item":"https:\/\/eductra.sk\/"},{"@type":"ListItem","position":2,"name":"Stanovy"}]},{"@type":"WebSite","@id":"https:\/\/eductra.sk\/#website","url":"https:\/\/eductra.sk\/","name":"EDUCTRA","description":"","potentialAction":[{"@type":"SearchAction","target":{"@type":"EntryPoint","urlTemplate":"https:\/\/eductra.sk\/?s={search_term_string}"},"query-input":{"@type":"PropertyValueSpecification","valueRequired":true,"valueName":"search_term_string"}}],"inLanguage":"en-US"}]}},"_links":{"self":[{"href":"https:\/\/eductra.sk\/index.php?rest_route=\/wp\/v2\/pages\/8","targetHints":{"allow":["GET"]}}],"collection":[{"href":"https:\/\/eductra.sk\/index.php?rest_route=\/wp\/v2\/pages"}],"about":[{"href":"https:\/\/eductra.sk\/index.php?rest_route=\/wp\/v2\/types\/page"}],"author":[{"embeddable":true,"href":"https:\/\/eductra.sk\/index.php?rest_route=\/wp\/v2\/users\/2"}],"replies":[{"embeddable":true,"href":"https:\/\/eductra.sk\/index.php?rest_route=%2Fwp%2Fv2%2Fcomments&post=8"}],"version-history":[{"count":0,"href":"https:\/\/eductra.sk\/index.php?rest_route=\/wp\/v2\/pages\/8\/revisions"}],"wp:attachment":[{"href":"https:\/\/eductra.sk\/index.php?rest_route=%2Fwp%2Fv2%2Fmedia&parent=8"}],"curies":[{"name":"wp","href":"https:\/\/api.w.org\/{rel}","templated":true}]}}